. What is the greatest common divisor of 1 and r?
1
Suppose -o + 5*l + 35 = -5, -2*o - 5*l = -20. Suppose 0 = 7*f - 6*f + 2. Let v = 8 - f. Calculate the greatest common divisor of v and o.
10
Suppose 0 = 8*r - 5*r + a - 73, 23 = r - a. Calculate the highest common factor of 30 and r.
6
Suppose 2*i + 1 = 3*i. Let d be 0 + i + -1 + 176. Let p(l) = l**2 + 5*l - 8. Let x be p(-8). Calculate the highest common factor of d and x.
16
Let h be (-30 + -2)/((-4)/4). Suppose -22*o - n = -21*o - 50, 8 = 4*n. What is the highest common factor of h and o?
16
Let o be 30 + 5 + 0 + -1. Let r = o - 33. Let m = -11 - -18. Calculate the highest common divisor of m and r.
1
Let w be (7/14)/((-2)/(-20)). Suppose -w*n + 540 = 10*n. Calculate the highest common divisor of n and 12.
12
Let z(p) be the third derivative of -11*p**4/24 - p**3 + 9*p**2. Let q be z(-3). What is the greatest common factor of 9 and q?
9
Suppose 3*g - 256 = -g. Suppose -5*q + 5*z - 5 = 10*z, 15 = 5*q + z. What is the highest common factor of q and g?
4
Let n = -7 - -7. Let l be (-6)/(-6)*(n + 14). Suppose 0 = 9*i - 5*i - 448. What is the highest common divisor of l and i?
14
Let m(y) = 10*y**2 - 7*y - 1. Let z be m(-4). What is the greatest common divisor of 51 and z?
17
Let n = 3104 + -3088. What is the highest common factor of 2032 and n?
16
Suppose 19*x - 21*x = -994. Suppose x = -5*l - 323. Let s be -3 + (1 - l) + 0. What is the highest common divisor of 27 and s?
27
Let s be -5*4/(-5) - 108/1. Let p = s - -153. What is the greatest common factor of p and 7?
7
Suppose 2*v - 2*l - 234 = 0, -9 = 3*l - 24. What is the greatest common factor of 183 and v?
61
Let v(b) = b**2 - 3*b + 5. Let o be v(2). Let x be (-18 + -2)/(-5)*o. Calculate the highest common factor of 84 and x.
12
Let i(n) = n + 16. Let x(t) = -t**3 - 2*t**2 - t - 6. Let c be x(0). Let b be i(c). What is the greatest common factor of 15 and b?
5
Let t be 1/(-5) + (-227516)/(-230). Calculate the highest common factor of t and 46.
23
Let x be (8/(72/(-27)))/(6/(-16)). What is the highest common divisor of x and 10?
2
Let k be ((-264)/10)/(6/(-20)). Let g be (-4)/(-18) - 16/(-9). Let o be (g + 1)*(-22)/(-6). Calculate the highest common factor of o and k.
11
Let c(x) = -2*x**3 + 3*x**2 - x - 4. Let k be c(-3). Suppose -2*m + 7*m - k = 0. Let j be (-224)/(-3)*(-6)/(-4). What is the greatest common factor of m and j?
16
Let k be -18 - -12 - (-28)/1. What is the greatest common divisor of k and 4?
2
Suppose -5*y - 53 = -d, 16*d + 5*y = 14*d + 31. Calculate the greatest common divisor of d and 133.
7
Suppose 0 = -2*j - 4 + 58. Suppose -99 = -17*t + 54. Calculate the greatest common factor of t and j.
9
Suppose 30 = 5*q - 50. What is the greatest common divisor of q and 176?
16
Suppose -k + 89 + 33 = 0. Let t = k - 66. Calculate the highest common divisor of t and 21.
7
Suppose -5*a = -i + 21, 3*i - 9 = 4*a - 7*a. What is the greatest common factor of 54 and i?
6
Let w be ((-15)/10)/((-9)/(-12)). Let u be 162 + 6 + (w - 1). Calculate the highest common divisor of 15 and u.
15
Let z = -184 - -196. Calculate the highest common divisor of z and 21.
3
Let n(u) be the second derivative of 2*u**3/3 - 7*u**2 - 5*u. Let p be n(4). Let b be p/11 - (-1449)/77. What is the greatest common factor of b and 19?
19
Let v be (-128)/1*(-12 + 2)/10. What is the greatest common divisor of v and 4?
4
Let w(m) = -14*m - 2. Let j be w(-2). Suppose 2700*n - 4004 = 2686*n. What is the highest common factor of j and n?
26
Let t(l) = 2*l**2 - 6. Suppose -f - 3*q + 18 = 4*f, -f = -3*q. Let m be t(f). Calculate the greatest common divisor of 12 and m.
12
Let i be 464/10 - 3/(-5). Suppose i + 31 = 3*u. Let x be 1 + -3 + 0 + u. What is the greatest common factor of 6 and x?
6
Let q = 69 - 45. Suppose 2*r = -r + 5*d + 51, -3*d = r - 31. Suppose 118 = 2*l + r. What is the highest common divisor of q and l?
24
Suppose 2*m = -m. Suppose 44 = -4*c - m*c - a, -3*a - 62 = 5*c. Let b be (-1196)/c + (-24)/(-60). What is the greatest common divisor of b and 48?
24
Let v(k) = -k**2 - 9*k + 73. Let c be v(-12). Calculate the greatest common divisor of c and 333.
37
Let t be (-2 - -3) + 1*35. Let x(n) be the third derivative of -n**4/24 + 2*n**3 + 7*n**2. Let q be x(8). What is the greatest common divisor of q and t?
4
Let q(g) = 158*g + 213. Let l be q(14). Calculate the greatest common factor of l and 97.
97
Let c = -282 + 349. Calculate the greatest common divisor of c and 469.
67
Let y(o) = -5*o - 2. Let n be y(-2). What is the greatest common factor of 20 and n?
4
Suppose 9*w - 23*w + 168 = 0. What is the highest common factor of 84 and w?
12
Let b(q) = -q**3 - 12*q**2 + 43*q - 88. Let k be b(-16). Calculate the highest common factor of k and 93.
31
Suppose i = -3*i + 20. Suppose -24 = -i*o + 6. Calculate the greatest common divisor of 24 and o.
6
Let a(r) = 76*r**3 + r**2 + 6*r + 3. Let f(v) = v**3 + v. Let p(z) = -a(z) + 2*f(z). Let x be p(-1). What is the highest common factor of 37 and x?
37
Suppose 4*y = 3*z + 126, 0*z - 5*y - 61 = 2*z. Let k = 43 + z. Calculate the highest common divisor of 95 and k.
5
Let m be (-1768)/(-14) + 22/(-77). Suppose 0 = -2*r - 6 + m. Calculate the highest common divisor of 24 and r.
12
Let p = -6 - -81. Suppose -3*m = -c + 75, 0 = -0*c - c - 4*m + p. What is the highest common divisor of c and 30?
15
Let x = 3 + 6. Suppose -4*d = 2*g + 2, -5*d - x = -4*g + 13. Let n be 9*(d - 24/(-9)). What is the greatest common factor of n and 54?
6
Suppose 162*x + 160*x - 310*x = 1404. Suppose 30 = 5*l - 5*c, -3*l + 5*c + 15 = c. Calculate the highest common divisor of x and l.
9
Suppose -4*l = -3*k - 239, 0 = l - 2*k - 113 + 47. What is the greatest common divisor of l and 70?
14
Suppose p - 5*p - 12 = 0. Let g be -38*3/18*p. Calculate the highest common divisor of g and 209.
19
Let j = 243 + -159. What is the greatest common divisor of 112 and j?
28
Suppose y - 39 = -3*g - 3*y, -4*g + 3*y + 27 = 0. Suppose -g*a - a = -980. Calculate the highest common factor of a and 28.
14
Let s be (192/15)/(0 - 12/(-60)). Let q be 164/10 + (-2)/5. What is the greatest common divisor of s and q?
16
Suppose 211 - 979 = -3*j. Suppose -2*d + 2*x + j = 0, -d + 4*x - 244 = -3*d. Let a be (-18)/27 + (-44)/(-3). Calculate the greatest common factor of d and a.
14
Suppose -3*y = -o - 190, 144*y + 5*o - 184 = 141*y. Let g be (-7)/(-2 + 0 - -1). Calculate the greatest common divisor of y and g.
7
Suppose -2*q + 344 = 2*k, 5*q = -4*k + 640 + 50. Suppose -10*w + 5*w = -k. What is the highest common factor of 17 and w?
17
Suppose a - 4*a - 15 = 0, 3*q + 5*a - 5 = 0. What is the greatest common factor of 890 and q?
10
Let t = -757 - -1394. Calculate the highest common divisor of t and 91.
91
Let q = 35 - 10. Let j = -160 + 260. What is the greatest common divisor of q and j?
25
Let l = -2 - -5. Suppose 7*s = 9*s - 8. Suppose a + 99 = s*a. Calculate the highest common factor of a and l.
3
Suppose -8 = -5*s + 4*s. Suppose -4 = -2*o, -4*r - o = -s - 30. Calculate the greatest common divisor of 9 and r.
9
Let o = -55 - -32. Let p = 37 - o. Suppose 5*g + 4*k - 188 = 0, 3*g + k = 50 + 67. Calculate the greatest common divisor of p and g.
20
Suppose -v = 2*h - 5, 4*v - 12 = -2*h - 2*h. Let u be 3/3*(1 + v). Let g be u*19 - (-5 - -7). What is the greatest common factor of 24 and g?
12
Let l(x) = 5*x. Let h be l(1). Suppose -3*v = -t + 2*t - h, 5*t = 3*v + 7. Calculate the greatest common factor of 18 and t.
2
Let w(y) = -4*y - 36. Let f be w(-9). Suppose 0 = s - f - 11. What is the highest common divisor of 187 and s?
11
Suppose -2*l + 53 = 19. Suppose 236 = 4*b - 3*n - 39, 0 = 5*b - 5*n - 345. Calculate the greatest common divisor of b and l.
17
Suppose -3*z + 16 = -2*c, -z - 4 = c - 1. What is the greatest common divisor of z and 5?
1
Let h be (-54)/(-4)*(-1 - (-17)/3). What is the greatest common divisor of h and 1197?
63
Let y(p) = 2*p**2 - 12*p - 16. Let z(b) = b**3 - 10*b**2 + 17*b + 20. Let f be z(7). Let n be y(f). Calculate the highest common factor of 16 and n.
16
Suppose 13*c - 14*c = -73. Suppose -d = 2*d - 12, 0 = -o - 4*d - 33. Let b = o + c. What is the highest common divisor of 60 and b?
12
Suppose -v + 3*v + 2*j = 56, 16 = 4*j. What is the greatest common divisor o